{"id":342,"date":"2021-08-20T09:25:37","date_gmt":"2021-08-20T07:25:37","guid":{"rendered":"https:\/\/ortenau-urlaub.de\/?page_id=342"},"modified":"2024-04-13T00:48:38","modified_gmt":"2024-04-12T22:48:38","slug":"camping","status":"publish","type":"page","link":"https:\/\/ortenau-urlaub.de\/?page_id=342","title":{"rendered":"Camping"},"content":{"rendered":"<h4>Auch f\u00fcr Camper hat die Ortenau einiges zu bieten. Ob ein reiner Wohnmobilstellplatz oder ein Campingplatz mit allem drum und dran.<\/h4>\n<p>&nbsp;<\/p>\n<figure id=\"attachment_347\" aria-describedby=\"caption-attachment-347\" style=\"width: 300px\" class=\"wp-caption alignright\"><img loading=\"lazy\" decoding=\"async\" class=\"size-medium wp-image-347\" src=\"http:\/\/ortenau-urlaub.de\/wp-content\/uploads\/2021\/08\/campingplatz-ortenau--300x171.jpg\" alt=\"Camping ortenau Achernsee Campingplatz offenburg urlaub freizeit ausflug zeltplatz \" width=\"300\" height=\"171\" srcset=\"https:\/\/ortenau-urlaub.de\/wp-content\/uploads\/2021\/08\/campingplatz-ortenau--300x171.jpg 300w, https:\/\/ortenau-urlaub.de\/wp-content\/uploads\/2021\/08\/campingplatz-ortenau--768x438.jpg 768w, https:\/\/ortenau-urlaub.de\/wp-content\/uploads\/2021\/08\/campingplatz-ortenau-.jpg 960w\" sizes=\"(max-width: 300px) 100vw, 300px\" \/><figcaption id=\"caption-attachment-347\" class=\"wp-caption-text\">Camping in der Ortenau<\/figcaption><\/figure>\n<h4>Sie finden hier eine Auflistung der beliebtesten Pl\u00e4tze der Ortenau:<\/h4>\n<h1><\/h1>\n<p>&nbsp;<\/p>\n<h1 class=\"western\">DCC-Campingpark Kehl-Stra\u00dfburg<\/h1>\n<p>Direkt am Rhein gelegen, ist der Campingpark Kehl-Stra\u00dfburg gerade f\u00fcr Elsass-Fans der ideale Ort um sich in der Ortenau in den Ferien niederzulassen.<\/p>\n<p>In nur wenigen Minuten sind Sie zu Fu\u00df in der Kehler Innenstadt.<\/p>\n<p>Von hier haben Sie die M\u00f6glichkeit mit der Ortenau-S-Bahn Ihre Tagestouren zu starten.<\/p>\n<p>Oder aber mit der Stra\u00dfburger Tram direkt ins Herzen der Weltstadt Stra\u00dfburg zu fahren.<\/p>\n<p>Der Campingpark befindet sich au\u00dferdem gleich neben dem Kehler Freibad, was bei den warmen sonnigen Sommern in der Ortenau sicher seine Vorteile hat\u2026<\/p>\n<p><a href=\"http:\/\/www.campingplatz-kehl.de\/\" target=\"_blank\" rel=\"noopener\">Internetauftritt des Campingparks<\/a><\/p>\n<p>DCC Campingpark Kehl<\/p>\n<p>Rheindammstr. 1<br \/>\n77694 Kehl<\/p>\n<p>&nbsp;<\/p>\n<h1 class=\"western\">Euro-Camping Sand<\/h1>\n<p>&nbsp;<\/p>\n<p>Beim Euro-Camping in Willst\u00e4tt-Sand k\u00f6nnen Sie nicht nur mit Zelt, Wohnwagen oder Wohnmobil \u00fcbernachten, sondern auch in kleinen Holzh\u00fctten \u201eMinichalets\u201c ihren Urlaub verbringen.<\/p>\n<p><a href=\"http:\/\/www.campingplatz-kehl.de\/\" target=\"_blank\" rel=\"noopener\">Internetauftritt des Euro-Caming<\/a><\/p>\n<p>Europacamping Sand<\/p>\n<p>Waldstrasse 32<\/p>\n<p>77731 Willst\u00e4tt-Sand<\/p>\n<figure id=\"attachment_351\" aria-describedby=\"caption-attachment-351\" style=\"width: 300px\" class=\"wp-caption aligncenter\"><img loading=\"lazy\" decoding=\"async\" class=\"size-medium wp-image-351\" src=\"http:\/\/ortenau-urlaub.de\/wp-content\/uploads\/2021\/08\/ortenau-urlaub-camping-300x169.jpg\" alt=\"Camping ortenau Achernsee Campingplatz offenburg urlaub freizeit ausflug zeltplatz\" width=\"300\" height=\"169\" srcset=\"https:\/\/ortenau-urlaub.de\/wp-content\/uploads\/2021\/08\/ortenau-urlaub-camping-300x169.jpg 300w, https:\/\/ortenau-urlaub.de\/wp-content\/uploads\/2021\/08\/ortenau-urlaub-camping-768x432.jpg 768w, https:\/\/ortenau-urlaub.de\/wp-content\/uploads\/2021\/08\/ortenau-urlaub-camping.jpg 960w\" sizes=\"(max-width: 300px) 100vw, 300px\" \/><figcaption id=\"caption-attachment-351\" class=\"wp-caption-text\">Urlaub in der Ortenau<\/figcaption><\/figure>\n<h1>Campingplatz am Achernsee<\/h1>\n<p>Direkt am See gelegen bietet Ihnen der Campingplatz am Achernsee in Achern alle M\u00f6glichkeiten. Mit eigenem Badestrand k\u00f6nnen Sie direkt auf dem Platz die Seele baumeln lassen.<\/p>\n<p><a href=\"https:\/\/www.campingplatz-achernsee.de\/\" target=\"_blank\" rel=\"noopener\">Internetauftritt des Campingplatzes am Achernsee<\/a><\/p>\n<p>Campingplatz am Achernsee<\/p>\n<p>Am Campingplatz 1<br \/>\n77855 Achern<\/p>\n<p>&nbsp;<\/p>\n<h1 class=\"css-opde7s\">Campingplatz Schuttern<\/h1>\n<p>Ein wahres Camping-Urgestein in der Ortenau ist der Campingplatz Schuttern. Zwischen zwei Seen idylisch gelegen, bestimmen hier haupts\u00e4chlich Dauercamper das Bild. Aber auch f\u00fcr Urlauber und Familien ist der Platz bestens geeignet.<\/p>\n<p><a href=\"https:\/\/friesenheim.de\/startseite\/freizeit_+kultur+_+tourismus\/baggersee.html\" target=\"_blank\" rel=\"noopener\">Internetauftritt des Campingplatzes in Friesenheim-Schuttern<\/a><\/p>\n<p>&nbsp;<\/p>\n<p>Campingplatz Schuttern<\/p>\n<p>In der Kruttenau 100<\/p>\n<p>77948 Friesenheim<\/p>\n<p>&nbsp;<\/p>\n<div class=\"SPZz6b\">\n<h1 class=\"qrShPb kno-ecr-pt PZPZlf mfMhoc PPT5v EaHP9c\" data-dtype=\"d3ifr\" data-local-attribute=\"d3bn\" data-attrid=\"title\" data-ved=\"2ahUKEwjD6aHl79DzAhUjzIUKHdP7CAgQ3B0oAHoECAgQAQ\">Campingplatz Kinzigtal<\/h1>\n<p>In Steinach im Kinzigtal gelegen haben Sie vom Campingplatz Kinzigtal die ideale Ausgangsposition um in den Schwarzwald zu starten. Gleichzeitig sind Sie auch in k\u00fcrzester Zeit in der Rheintiefebene und an der Autobahn um zu weiteren Ausfl\u00fcgen zu starten.<\/p>\n<\/div>\n<p><a href=\"https:\/\/www.campingplatz-kinzigtal.de\/\" target=\"_blank\" rel=\"noopener\">Internetauftritt des Campingplatz Kinzigtal<\/a><\/p>\n<p>&nbsp;<\/p>\n<p>Campingplatz Kinzigtal<\/p>\n<p>Welschensteinacherstr. 34<\/p>\n<p>77790 Steinach<\/p>\n<p>&nbsp;<\/p>\n<h1>Wohnmobilstellplatz Renchen-Ulm<\/h1>\n<p>Im idyllischen Ulm (bei Renchen in der Ortenau) gelegen, befindet sich der Wohnmobilstellplatz &#8222;Obstannahmestelle&#8220;. Ulm ist in der Ortenau al das Bierdorf schlechthin bekannt. Der Platz liegt ruhig am Ortsrand und ist ganzj\u00e4hrig ge\u00f6ffnet.<\/p>\n<p>&nbsp;<\/p>\n<p><a href=\"https:\/\/www.renchen.de\/tourismus\/freizeit\/wohnmobilstellplatz\/\" target=\"_blank\" rel=\"noopener\">Internetauftritt des Wohnmobilstellplatzes Renchen-Ulm<\/a><\/p>\n<p>Ullenburgstra\u00dfe an der Obstsammelstelle<\/p>\n<p>77871 Renchen-Ulm<\/p>\n<p>&nbsp;<\/p>\n<div id=\"lmm_061d2bac\" style=\"width:640px;\" class=\"mapsmarker layermap layer-7\">\n<div id=\"lmm_panel_061d2bac\" class=\"lmm-panel\" style=\"background:#efefef;\">\n<div id=\"lmm_panel_api_061d2bac\" class=\"lmm-panel-api\"><\/div><div id=\"lmm_panel_text_061d2bac\" class=\"lmm-panel-text\" style=\"font-weight:bold;color:#373737;\">Camping in der Ortenau<\/div>\n<\/div>\n<div id=\"lmm_map_061d2bac\" class=\"lmm-map\" style=\"background:#f6f6f6;border:1px solid #ccc;height:480px; overflow:hidden;padding:0;\"><p style=\"font-size:80%;color:#9f9e9e;margin-left:5px;\">Karte wird geladen - bitte warten...<noscript><br\/><strong>Karte konnte nicht geladen werden - bitte aktivieren Sie Javascript!<\/strong><br\/><a style=\"text-decoration:none;\" href=\"https:\/\/www.mapsmarker.com\/js-disabled\" target=\"_blank\">&rarr; Weitere Informationen<\/a><\/noscript><\/p><\/div>\n<div id=\"lmm_geo_tags_061d2bac_23\" class=\"lmm-geo-tags geo\">Wohnmobilstellplatz Renchen-Ulm: <span class=\"latitude\">48.581305<\/span>, <span class=\"longitude\">8.045075<\/span><\/div>\n<div id=\"lmm_geo_tags_061d2bac_24\" class=\"lmm-geo-tags geo\">DCC Campingplatz Kehl: <span class=\"latitude\">48.561916<\/span>, <span class=\"longitude\">7.810042<\/span><\/div>\n<div id=\"lmm_geo_tags_061d2bac_25\" class=\"lmm-geo-tags geo\">Euro Camping Sand: <span class=\"latitude\">48.543414<\/span>, <span class=\"longitude\">7.935984<\/span><\/div>\n<div id=\"lmm_geo_tags_061d2bac_26\" class=\"lmm-geo-tags geo\">Campingplatz Achernsee: <span class=\"latitude\">48.646000<\/span>, <span class=\"longitude\">8.035540<\/span><\/div>\n<div id=\"lmm_geo_tags_061d2bac_27\" class=\"lmm-geo-tags geo\">Campingplatz Schuttern: <span class=\"latitude\">48.392100<\/span>, <span class=\"longitude\">7.863320<\/span><\/div>\n<div id=\"lmm_geo_tags_061d2bac_28\" class=\"lmm-geo-tags geo\">Campingplatz Kinzigtal: <span class=\"latitude\">48.295724<\/span>, <span class=\"longitude\">8.046791<\/span><\/div>\n<div id=\"lmm_listmarkers_061d2bac\" class=\"lmm-listmarkers\" style=\"width:640px;\">\n<table style=\"width:640px;\" id=\"lmm_listmarkers_table_061d2bac\" class=\"lmm-listmarkers-table\"><tr><td class=\"lmm-listmarkers-icon\"><img decoding=\"async\" style=\"border-radius:0;box-shadow:none;\" alt=\"marker icon\" src=\"https:\/\/ortenau-urlaub.de\/wp-content\/plugins\/leaflet-maps-marker\/leaflet-dist\/images\/marker.png\" \/><\/td><td class=\"lmm-listmarkers-popuptext\"><div class=\"lmm-listmarkers-panel-icons\"><a href=\"https:\/\/maps.google.com\/maps?daddr=Renchen++Baden-W%C3%BCrttemberg%2C+Deutschland&amp;t=m&amp;layer=1&amp;doflg=ptk&amp;om=0\" target=\"_blank\" title=\"Wegbeschreibung berechnen\"><img loading=\"lazy\" decoding=\"async\" alt=\"icon-car.png\" src=\"https:\/\/ortenau-urlaub.de\/wp-content\/plugins\/leaflet-maps-marker\/inc\/img\/icon-car.png\" width=\"14\" height=\"14\" class=\"lmm-panel-api-images\" \/><\/a><\/div><span class=\"lmm-listmarkers-markername\">Wohnmobilstellplatz Renchen-Ulm<\/span><br\/><span class=\"lmm-listmarkers-popuptext-only\"><a href=\"https:\/\/www.renchen.de\/tourismus\/freizeit\/wohnmobilstellplatz\/\" target=\"_blank\" rel=\"noopener\">Wohnmobilstellplatz Renchen-Ulm<\/a><\/span><br\/><div class=\"lmm-listmarkers-hr\">Renchen  Baden-W\u00fcrttemberg, Deutschland<\/div><\/td><\/tr><tr><td class=\"lmm-listmarkers-icon\"><img decoding=\"async\" style=\"border-radius:0;box-shadow:none;\" alt=\"marker icon\" src=\"https:\/\/ortenau-urlaub.de\/wp-content\/plugins\/leaflet-maps-marker\/leaflet-dist\/images\/marker.png\" \/><\/td><td class=\"lmm-listmarkers-popuptext\"><div class=\"lmm-listmarkers-panel-icons\"><a href=\"https:\/\/maps.google.com\/maps?daddr=48.561916,7.810042&amp;t=m&amp;layer=1&amp;doflg=ptk&amp;om=0\" target=\"_blank\" title=\"Wegbeschreibung berechnen\"><img loading=\"lazy\" decoding=\"async\" alt=\"icon-car.png\" src=\"https:\/\/ortenau-urlaub.de\/wp-content\/plugins\/leaflet-maps-marker\/inc\/img\/icon-car.png\" width=\"14\" height=\"14\" class=\"lmm-panel-api-images\" \/><\/a><\/div><span class=\"lmm-listmarkers-markername\">DCC Campingplatz Kehl<\/span><br\/><span class=\"lmm-listmarkers-popuptext-only\"><a href=\"http:\/\/www.campingplatz-kehl.de\/\" target=\"_blank\" rel=\"noopener\">DCC Campingplatz Kehl<\/a><\/span><\/td><\/tr><tr><td class=\"lmm-listmarkers-icon\"><img decoding=\"async\" style=\"border-radius:0;box-shadow:none;\" alt=\"marker icon\" src=\"https:\/\/ortenau-urlaub.de\/wp-content\/plugins\/leaflet-maps-marker\/leaflet-dist\/images\/marker.png\" \/><\/td><td class=\"lmm-listmarkers-popuptext\"><div class=\"lmm-listmarkers-panel-icons\"><a href=\"https:\/\/maps.google.com\/maps?daddr=48.543414,7.935984&amp;t=m&amp;layer=1&amp;doflg=ptk&amp;om=0\" target=\"_blank\" title=\"Wegbeschreibung berechnen\"><img loading=\"lazy\" decoding=\"async\" alt=\"icon-car.png\" src=\"https:\/\/ortenau-urlaub.de\/wp-content\/plugins\/leaflet-maps-marker\/inc\/img\/icon-car.png\" width=\"14\" height=\"14\" class=\"lmm-panel-api-images\" \/><\/a><\/div><span class=\"lmm-listmarkers-markername\">Euro Camping Sand<\/span><br\/><span class=\"lmm-listmarkers-popuptext-only\"><a href=\"https:\/\/www.europa-camping-sand.de\/\" target=\"_blank\" rel=\"noopener\">Euro Camping Willst\u00e4tt-Sand<\/a><\/span><\/td><\/tr><tr><td class=\"lmm-listmarkers-icon\"><img decoding=\"async\" style=\"border-radius:0;box-shadow:none;\" alt=\"marker icon\" src=\"https:\/\/ortenau-urlaub.de\/wp-content\/plugins\/leaflet-maps-marker\/leaflet-dist\/images\/marker.png\" \/><\/td><td class=\"lmm-listmarkers-popuptext\"><div class=\"lmm-listmarkers-panel-icons\"><a href=\"https:\/\/maps.google.com\/maps?daddr=Am+Campingplatz+Baden-W%C3%BCrttemberg%2C+Deutschland&amp;t=m&amp;layer=1&amp;doflg=ptk&amp;om=0\" target=\"_blank\" title=\"Wegbeschreibung berechnen\"><img loading=\"lazy\" decoding=\"async\" alt=\"icon-car.png\" src=\"https:\/\/ortenau-urlaub.de\/wp-content\/plugins\/leaflet-maps-marker\/inc\/img\/icon-car.png\" width=\"14\" height=\"14\" class=\"lmm-panel-api-images\" \/><\/a><\/div><span class=\"lmm-listmarkers-markername\">Campingplatz Achernsee<\/span><br\/><span class=\"lmm-listmarkers-popuptext-only\"><a href=\"https:\/\/www.campingplatz-achernsee.de\/\" target=\"_blank\" rel=\"noopener\">Campingplatz Achernsee<\/a><\/span><br\/><div class=\"lmm-listmarkers-hr\">Am Campingplatz Baden-W\u00fcrttemberg, Deutschland<\/div><\/td><\/tr><tr><td class=\"lmm-listmarkers-icon\"><img decoding=\"async\" style=\"border-radius:0;box-shadow:none;\" alt=\"marker icon\" src=\"https:\/\/ortenau-urlaub.de\/wp-content\/plugins\/leaflet-maps-marker\/leaflet-dist\/images\/marker.png\" \/><\/td><td class=\"lmm-listmarkers-popuptext\"><div class=\"lmm-listmarkers-panel-icons\"><a href=\"https:\/\/maps.google.com\/maps?daddr=In+der+Kruttenau+100+Baden-W%C3%BCrttemberg%2C+Deutschland&amp;t=m&amp;layer=1&amp;doflg=ptk&amp;om=0\" target=\"_blank\" title=\"Wegbeschreibung berechnen\"><img loading=\"lazy\" decoding=\"async\" alt=\"icon-car.png\" src=\"https:\/\/ortenau-urlaub.de\/wp-content\/plugins\/leaflet-maps-marker\/inc\/img\/icon-car.png\" width=\"14\" height=\"14\" class=\"lmm-panel-api-images\" \/><\/a><\/div><span class=\"lmm-listmarkers-markername\">Campingplatz Schuttern<\/span><br\/><span class=\"lmm-listmarkers-popuptext-only\"><a href=\"https:\/\/friesenheim.de\/startseite\/freizeit_+kultur+_+tourismus\/baggersee.html\" target=\"_blank\" rel=\"noopener\">Campingplatz Schuttern<\/a><\/span><br\/><div class=\"lmm-listmarkers-hr\">In der Kruttenau 100 Baden-W\u00fcrttemberg, Deutschland<\/div><\/td><\/tr><tr><td class=\"lmm-listmarkers-icon\"><img decoding=\"async\" style=\"border-radius:0;box-shadow:none;\" alt=\"marker icon\" src=\"https:\/\/ortenau-urlaub.de\/wp-content\/plugins\/leaflet-maps-marker\/leaflet-dist\/images\/marker.png\" \/><\/td><td class=\"lmm-listmarkers-popuptext\"><div class=\"lmm-listmarkers-panel-icons\"><a href=\"https:\/\/maps.google.com\/maps?daddr=Welschensteinacher+Stra%C3%9Fe+Baden-W%C3%BCrttemberg%2C+Deutschland&amp;t=m&amp;layer=1&amp;doflg=ptk&amp;om=0\" target=\"_blank\" title=\"Wegbeschreibung berechnen\"><img loading=\"lazy\" decoding=\"async\" alt=\"icon-car.png\" src=\"https:\/\/ortenau-urlaub.de\/wp-content\/plugins\/leaflet-maps-marker\/inc\/img\/icon-car.png\" width=\"14\" height=\"14\" class=\"lmm-panel-api-images\" \/><\/a><\/div><span class=\"lmm-listmarkers-markername\">Campingplatz Kinzigtal<\/span><br\/><span class=\"lmm-listmarkers-popuptext-only\"><a href=\"https:\/\/www.campingplatz-kinzigtal.de\/\" target=\"_blank\" rel=\"noopener\">Campingplatz Kinzigtal<\/a><\/span><br\/><div class=\"lmm-listmarkers-hr\">Welschensteinacher Stra\u00dfe Baden-W\u00fcrttemberg, Deutschland<\/div><\/td><\/tr><\/table><\/div><\/div>\n<p>&nbsp;<\/p>\n<p>&nbsp;<\/p>\n<p>&nbsp;<\/p>\n<p>&nbsp;<\/p>\n<p>&nbsp;<\/p>\n<div id=\"lmm_0f098e6f\" style=\"width:800px;\" class=\"mapsmarker layermap layer-1\">\n<div id=\"lmm_panel_0f098e6f\" class=\"lmm-panel\" style=\"background:#efefef;\">\n<div id=\"lmm_panel_api_0f098e6f\" class=\"lmm-panel-api\"><\/div><div id=\"lmm_panel_text_0f098e6f\" class=\"lmm-panel-text\" style=\"font-weight:bold;color:#373737;\">Alle Ziele auf einen Blick<\/div>\n<\/div>\n<div id=\"lmm_map_0f098e6f\" class=\"lmm-map\" style=\"background:#f6f6f6;border:1px solid #ccc;height:480px; overflow:hidden;padding:0;\"><p style=\"font-size:80%;color:#9f9e9e;margin-left:5px;\">Karte wird geladen - bitte warten...<noscript><br\/><strong>Karte konnte nicht geladen werden - bitte aktivieren Sie Javascript!<\/strong><br\/><a style=\"text-decoration:none;\" href=\"https:\/\/www.mapsmarker.com\/js-disabled\" target=\"_blank\">&rarr; Weitere Informationen<\/a><\/noscript><\/p><\/div>\n<div id=\"lmm_geo_tags_0f098e6f\" class=\"lmm-geo-tags geo\">Alle Ziele auf einen Blick: <span class=\"latitude\">48.471700<\/span>, <span class=\"longitude\">7.944380<\/span><\/div>\n<div id=\"lmm_listmarkers_0f098e6f\" class=\"lmm-listmarkers\" style=\"width:800px;\">\n<table style=\"width:800px;\" id=\"lmm_listmarkers_table_0f098e6f\" class=\"lmm-listmarkers-table\"><\/table><\/div><\/div>\n","protected":false},"excerpt":{"rendered":"<p>Auch f\u00fcr Camper hat die Ortenau einiges zu bieten. Ob ein reiner Wohnmobilstellplatz oder ein Campingplatz mit allem drum und<\/p>\n","protected":false},"author":1,"featured_media":0,"parent":0,"menu_order":0,"comment_status":"closed","ping_status":"closed","template":"","meta":{"footnotes":""},"yoast_head":"<!-- This site is optimized with the Yoast SEO plugin v16.2 - https:\/\/yoast.com\/wordpress\/plugins\/seo\/ -->\n<title>Camping - ortenau-urlaub.de<\/title>\n<meta name=\"robots\" content=\"index, follow, max-snippet:-1, max-image-preview:large, max-video-preview:-1\" \/>\n<link rel=\"canonical\" href=\"https:\/\/ortenau-urlaub.de\/?page_id=342\" \/>\n<meta property=\"og:locale\" content=\"de_DE\" \/>\n<meta property=\"og:type\" content=\"article\" \/>\n<meta property=\"og:title\" content=\"Camping - ortenau-urlaub.de\" \/>\n<meta property=\"og:description\" content=\"Auch f\u00fcr Camper hat die Ortenau einiges zu bieten. Ob ein reiner Wohnmobilstellplatz oder ein Campingplatz mit allem drum und\" \/>\n<meta property=\"og:url\" content=\"https:\/\/ortenau-urlaub.de\/?page_id=342\" \/>\n<meta property=\"og:site_name\" content=\"ortenau-urlaub.de\" \/>\n<meta property=\"article:modified_time\" content=\"2024-04-12T22:48:38+00:00\" \/>\n<meta property=\"og:image\" content=\"http:\/\/ortenau-urlaub.de\/wp-content\/uploads\/2021\/08\/campingplatz-ortenau--300x171.jpg\" \/>\n<meta name=\"twitter:card\" content=\"summary_large_image\" \/>\n<meta name=\"twitter:label1\" content=\"Gesch\u00e4tzte Lesezeit\">\n\t<meta name=\"twitter:data1\" content=\"3\u00a0Minuten\">\n<script type=\"application\/ld+json\" class=\"yoast-schema-graph\">{\"@context\":\"https:\/\/schema.org\",\"@graph\":[{\"@type\":\"WebSite\",\"@id\":\"https:\/\/ortenau-urlaub.de\/#website\",\"url\":\"https:\/\/ortenau-urlaub.de\/\",\"name\":\"ortenau-urlaub.de\",\"description\":\"mitten in Baden, mitten im Schwarzwald\",\"potentialAction\":[{\"@type\":\"SearchAction\",\"target\":\"https:\/\/ortenau-urlaub.de\/?s={search_term_string}\",\"query-input\":\"required name=search_term_string\"}],\"inLanguage\":\"de\"},{\"@type\":\"ImageObject\",\"@id\":\"https:\/\/ortenau-urlaub.de\/?page_id=342#primaryimage\",\"inLanguage\":\"de\",\"url\":\"http:\/\/ortenau-urlaub.de\/wp-content\/uploads\/2021\/08\/campingplatz-ortenau--300x171.jpg\",\"contentUrl\":\"http:\/\/ortenau-urlaub.de\/wp-content\/uploads\/2021\/08\/campingplatz-ortenau--300x171.jpg\"},{\"@type\":\"WebPage\",\"@id\":\"https:\/\/ortenau-urlaub.de\/?page_id=342#webpage\",\"url\":\"https:\/\/ortenau-urlaub.de\/?page_id=342\",\"name\":\"Camping - ortenau-urlaub.de\",\"isPartOf\":{\"@id\":\"https:\/\/ortenau-urlaub.de\/#website\"},\"primaryImageOfPage\":{\"@id\":\"https:\/\/ortenau-urlaub.de\/?page_id=342#primaryimage\"},\"datePublished\":\"2021-08-20T07:25:37+00:00\",\"dateModified\":\"2024-04-12T22:48:38+00:00\",\"breadcrumb\":{\"@id\":\"https:\/\/ortenau-urlaub.de\/?page_id=342#breadcrumb\"},\"inLanguage\":\"de\",\"potentialAction\":[{\"@type\":\"ReadAction\",\"target\":[\"https:\/\/ortenau-urlaub.de\/?page_id=342\"]}]},{\"@type\":\"BreadcrumbList\",\"@id\":\"https:\/\/ortenau-urlaub.de\/?page_id=342#breadcrumb\",\"itemListElement\":[{\"@type\":\"ListItem\",\"position\":1,\"item\":{\"@type\":\"WebPage\",\"@id\":\"https:\/\/ortenau-urlaub.de\/\",\"url\":\"https:\/\/ortenau-urlaub.de\/\",\"name\":\"Startseite\"}},{\"@type\":\"ListItem\",\"position\":2,\"item\":{\"@id\":\"https:\/\/ortenau-urlaub.de\/?page_id=342#webpage\"}}]}]}<\/script>\n<!-- \/ Yoast SEO plugin. -->","_links":{"self":[{"href":"https:\/\/ortenau-urlaub.de\/index.php?rest_route=\/wp\/v2\/pages\/342"}],"collection":[{"href":"https:\/\/ortenau-urlaub.de\/index.php?rest_route=\/wp\/v2\/pages"}],"about":[{"href":"https:\/\/ortenau-urlaub.de\/index.php?rest_route=\/wp\/v2\/types\/page"}],"author":[{"embeddable":true,"href":"https:\/\/ortenau-urlaub.de\/index.php?rest_route=\/wp\/v2\/users\/1"}],"replies":[{"embeddable":true,"href":"https:\/\/ortenau-urlaub.de\/index.php?rest_route=%2Fwp%2Fv2%2Fcomments&post=342"}],"version-history":[{"count":10,"href":"https:\/\/ortenau-urlaub.de\/index.php?rest_route=\/wp\/v2\/pages\/342\/revisions"}],"predecessor-version":[{"id":603,"href":"https:\/\/ortenau-urlaub.de\/index.php?rest_route=\/wp\/v2\/pages\/342\/revisions\/603"}],"wp:attachment":[{"href":"https:\/\/ortenau-urlaub.de\/index.php?rest_route=%2Fwp%2Fv2%2Fmedia&parent=342"}],"curies":[{"name":"wp","href":"https:\/\/api.w.org\/{rel}","templated":true}]}}